 = -3*v + 12, 0*s + m*v - 22 = -2*s. What is the units digit of s?
1
Let z = 4 + -2. Suppose -i - z*i = -9. Suppose i + 3 = 3*y. What is the units digit of y?
2
What is the units digit of (2 - 3) + 730/10?
2
Suppose 88 = -p - 3*p. Let h = -12 - p. Suppose 0*f + 3*f = 9, q - h = -f. What is the units digit of q?
7
Suppose 2*h - 10 = 16. What is the units digit of h?
3
Let v(i) = -i**3 + i**2 - i - 21. Let q be v(0). Let n = 39 + q. What is the tens digit of n?
1
Let a(r) = -r**3 + 8*r**2 - 6*r. Let t(z) = z - 8. Let b be t(13). Suppose b*g = 5*k - 55, 0 = k + 5*g + 21 - 8. What is the units digit of a(k)?
7
Let b = -10 - -13. Suppose 0 = -3*f - b*q + 33, -2*f = q + 4*q - 16. What is the tens digit of f?
1
Suppose 0 = 3*o + 9, 0 = -4*x + 8*x - 3*o - 473. What is the hundreds digit of x?
1
Let p = -22 + 82. Suppose 5*x - 5*q = 4*x + p, 5*q = -5*x + 240. What is the tens digit of x?
5
Suppose 5*k - 2 = 13. Suppose f = -0*f + k. Let q = f - 2. What is the units digit of q?
1
Let g(p) = p + 3. Let a be g(0). Suppose a*b = -4 + 13. What is the units digit of b?
3
Let c = 347 + -159. What is the tens digit of c?
8
What is the units digit of (-6)/21 - 618/(-7)?
8
Let g = -85 + 128. Suppose -4*f + 5*z + 32 = -6, 4*z = 5*f - g. What is the units digit of f?
7
Suppose 0 = -5*k - 10 + 35. Suppose -2*q - 2*g - 2 + 4 = 0, k*g = 3*q - 35. What is the units digit of q?
5
Let p(b) = 13*b**3 - b + 1. What is the units digit of p(1)?
3
Let t(o) = 1 - 4 - 4*o - o**2 + 10*o. What is the units digit of t(5)?
2
Let a be (-10)/(-35) - 24/(-14). What is the units digit of a - -1 - 7/(-1)?
0
Let v(m) = m**3 - 13*m**2 - 9*m + 33. What is the hundreds digit of v(14)?
1
Suppose -2*i = 2*i + y - 290, -4*i = 3*y - 286. Let f be (13 - 10) + 1*i. Suppose 4*k - f = -0*k. What is the tens digit of k?
1
Let r(y) be the first derivative of 2*y**3/3 - 3*y**2/2 - 2*y + 5. What is the units digit of r(4)?
8
Let a be 1/((-3)/9)*-1. What is the units digit of 13 + 2 + -1 + a?
7
Let y = -2 - -2. Suppose 2*m = -6, y*m - 36 = -2*a - 4*m. What is the tens digit of a?
2
Let u = -2 - -4. What is the units digit of u?
2
Suppose -4*x + 151 = -4*l - 109, 3*x = -3*l + 195. What is the units digit of x?
5
Let c = 2 - -9. Let v(s) = 3*s + 10. Let b be v(c). Let j = -30 + b. What is the tens digit of j?
1
Let x = 22 - 21. Let k = 34 + x. What is the tens digit of k?
3
Suppose z - 3 = 0, -6 = i + 3*z - 6*z. Suppose 0 = -u - 3, i*x - x - u - 9 = 0. Let w(d) = -d**2 + 2*d + 4. What is the units digit of w(x)?
1
Let w(b) = 3*b**2 + 2*b + 1. Let p be w(-2). Suppose 0 = -5*a + 1 + p. What is the units digit of (a/(-4) + 2)*4?
6
Suppose f + 4*f + 10 = 0. Let b = 0 + f. What is the tens digit of (-3 - 10)/(-3 - b)?
1
Suppose -155 = -4*q - 4*f + 3*f, -2*q = -4*f - 64. What is the tens digit of q?
3
Suppose -3*q = v, 7*q = v + 2*q. Suppose -5*h - 4 = x - 19, h + 4*x + 16 = v. Suppose u + 6 + 1 = 2*l, 4*u = h*l - 24. What is the units digit of l?
1
Let f be 3/((-5)/(10/(-3))). Suppose 0 = -2*m + 3*b - 25, 2*m + f*b + 6 = -4. Let y = m - -24. What is the tens digit of y?
1
Let o(n) = n**3 - 4*n**2 - 5*n + 2. Let c be o(5). Suppose -3*v - 12 = -c*q, -2 = v - 4. What is the units digit of q?
9
Let u = 10 + -6. Suppose u*y - 2*y = 40. What is the units digit of y?
0
Let d = -2 + 13. Suppose 4 = 5*k - d. What is the units digit of k?
3
Let n = -4 - -9. Suppose 0 = -2*o - 4*s + 4, 2*s + 43 = 5*o - 3. Suppose -38 = -n*i - o. What is the units digit of i?
6
Let x(f) be the first derivative of f**3/3 - 3*f**2/2 - 5*f + 2. Let k be x(-5). Suppose 2*r - k = -3*r. What is the units digit of r?
7
Suppose m = -4*m - 25. Let z = m - -10. What is the units digit of z?
5
Let y = -1 - -6. Suppose y*c = 117 - 17. What is the units digit of c?
0
Let q = 22 + -12. What is the units digit of q?
0
Let q = 27 + -19. Let l = q - -18. What is the units digit of l?
6
Let n(p) = -p**3 - 12*p**2 + 16*p + 48. What is the tens digit of n(-14)?
1
Suppose 2*c = -c + 333. Suppose 5*g + 4*n - c = 0, -n - 2*n = -12. What is the tens digit of g?
1
Let a(o) = -11*o - 27. What is the tens digit of a(-11)?
9
Let d(q) = 4*q**2. Let s be d(-1). Suppose -6 = -3*l + s*l + 3*p, l + 16 = 2*p. What is the units digit of (-14)/l - (-1)/(-6)?
1
Let h be 38/5 + 24/(-40). Let r = h + -3. Suppose -100 = -5*c + r*l, -c - 3*c = -3*l - 79. What is the tens digit of c?
1
Suppose 0 = -4*g + 16, 5*p - 3*p - 104 = g. Let h be 4/(-14) + (-260)/(-28). Suppose -p = -5*w - h. What is the units digit of w?
9
Let k(m) be the second derivative of 0 - 3/2*m**3 - 3*m + 1/2*m**2. What is the tens digit of k(-1)?
1
Suppose g = -6*g + 938. What is the units digit of g?
4
Suppose -2*y + 4*v - 69 = -3*y, 2*v - 417 = -5*y. What is the tens digit of y?
8
Let q = 3 + 7. What is the tens digit of q?
1
Let b = -10 - -51. What is the units digit of b?
1
Let g be (-39)/6*(-8)/2. Suppose -9 + 73 = -4*p. Let l = p + g. What is the tens digit of l?
1
Let c = 3564 + -5129. What is the units digit of c/(-45) - (-4)/18?
5
Let q = 5 - -41. What is the units digit of q?
6
Suppose 0 = -l - 1 + 5. What is the units digit of (-12)/8*l/(-3)?
2
Let u(v) = v**2 + 2*v. Let o = -1 - 4. Let h be u(o). Suppose -2*l = l - h. What is the units digit of l?
5
Let a(n) = -11*n - 17. Let s(k) be the third derivative of -5*k**4/24 - 4*k**3/3 - k**2. Let f(v) = 4*a(v) - 9*s(v). What is the units digit of f(4)?
8
Let o(u) = u**2. Let a be (4/(-6))/(6/9). Let j be o(a). Suppose -g + 0*g + j = 0. What is the units digit of g?
1
Suppose -4*t = -4*r - 76, -2*r + 1 = 5*t - 101. What is the tens digit of t?
2
Suppose 0 = -4*l - h + 80, 2*l - 2*h = 4 + 26. What is the tens digit of l?
1
Let z be (0 + -1 - -12) + 1. Let n be (9/2)/((-9)/z). Let c = n - -23. What is the tens digit of c?
1
Let o(t) = 3*t**2 - 5 + 8 - 6*t + t**2. What is the units digit of o(4)?
3
Let q be ((-2)/6)/(1/(-9)). Suppose q*m - 30 = -k, -2*m + 3*m = -4*k + 10. What is the units digit of m?
0
Let s = 14 + -24. What is the units digit of (-6)/(-15) + (-6)/s?
1
Suppose 0 = j + 3*j - 12. What is the units digit of -1 + j + 0 - -14?
6
Suppose -4*a = -5*a. Suppose -3*q - 5*p = -a*q - 26, 2*q = -p + 8. Suppose 2*w - 32 = -q*w. What is the units digit of w?
8
Suppose 3*l = 7*l - 20. Suppose 0 = -5*b - 0*b + l. What is the units digit of b?
1
Let q = 17 + -10. Let w = -3 + q. What is the units digit of w?
4
Let m(i) = i**2 + 6*i + 2. Let j be m(-6). Let n(o) = 0*o - 5*o + j*o - 1. What is the units digit of n(-3)?
8
Suppose -2*u = -x + 139, -2*x + 149 + 139 = u. What is the tens digit of x?
4
Let w = 132 - 29. What is the units digit of w?
3
Let l = -164 + 104. What is the units digit of l/(-2) + 6/(-6)?
9
Suppose -3*a + 486 = 3*v, 3*a = -2*v + 6*v - 641. What is the hundreds digit of v?
1
Let l be (-1)/(-2)*(78 + 4). Suppose 4*v + 3*t - 2 = l, 4*v + 5*t = 45. What is the tens digit of v?
1
Let o(z) = z**2 + 2 - 4 + 3*z - 3*z**2. Let l be o(2). What is the units digit of 8/((-3)/6*l)?
4
What is the units digit of -91*4/(-18) + (-24)/108?
0
Suppose -12 = -2*l + 90. What is the tens digit of l?
5
Let u be 1*((-9)/3 + 10). Suppose -u*y = -12*y + 30. What is the units digit of y?
6
Let v be 1/3 + 46/6. Suppose -2 = -a - 0*a - 2*w, -4*a - 3*w = -v. What is the units digit of a?
2
Suppose -v + 6*v - 5*k = 20, 0 = v - 4*k - 16. Let z = 7 + v. Let u(a) = -a**3 + 8*a**2 - 4*a - 7. What is the units digit of u(z)?
4
Suppose 5*m - 15 = -5*g, -5*g = 2*m - 25 - 2. Suppose 104 = 9*a - g*a. What is the units digit of a?
2
Let v be ((-1)/2)/((-1)/4). Let b(k) = -k**v + 3 - 3*k + 9*k + 0. What is the units digit of b(6)?
3
Suppose -358 = -5*h - 108. Suppose -22 - h = -4*n. What is the units digit of n?
8
Let x(l) = -l - 5. Let o be x(-9). Suppose 0 + 20 = o*w. What is the units digit of w?
5
Suppose -8*v + 335 = -969. What is the hundreds digit of v?
1
Suppose 3*i + b - 4 = 0, b + 4 = 2. Suppose -4*d = -i*q - 32, 0*q = 2*q + 4. What is the units digit of d?
7
Let q be (-1)/(1/(-5 + 3)). Suppose -4*s - 3*d = -68, 0 = -q*s - d - 8 + 40. What is the units digit of s?
4
Let s = -1 - -3. Suppose -4*k = -3*w + 5, w + s*w - k = 8. What is the units digit of w?
3
Let l(y) = -19*y - 7. Let t be l(-7). Suppose 3*v = -0*v + t. Suppose 0 = -0*g - 3*g + v. What is the tens digit o